termine u(-25).
-7
Let g(x) = -2*x**3 - 667*x**2 - 322*x + 3858. What is g(-333)?
195
Let h(s) = 800*s - 11295. Give h(14).
-95
Let m(b) = 8*b**2 - 17*b - 712. Give m(-8).
-64
Let s(g) = -14093*g - 197318. Calculate s(-14).
-16
Let o(w) = -10*w**2 + 4*w - 1. What is o(3)?
-79
Let u(q) = -1031*q**3 + 10*q**2 - 4*q - 4. What is u(1)?
-1029
Let l(f) = f**2 - 42209*f + 759432. What is l(18)?
-6
Let o(m) = m**3 + 502*m**2 - 3009*m - 216. Calculate o(6).
18
Let z(p) = p**3 + 43*p**2 + 103*p + 2809. What is z(-42)?
247
Let p(i) = -53*i**2 - 2204*i + 912. Determine p(-42).
-12
Let u(m) = 23*m**3 - 17*m**2 - 43*m - 36. Calculate u(-3).
-681
Let y(s) = 16*s**2 - 7990*s + 2990. Give y(499).
-4
Let a(c) = 23405*c + 772395. Determine a(-33).
30
Let m(w) = w**3 + 21*w**2 + 71*w - 318. Give m(-9).
15
Let b(p) = 4783*p + 96277. What is b(-20)?
617
Let t(i) = -22*i**3 - 546*i**2 - 29*i - 1170. Calculate t(-25).
2055
Let w(b) = 3974*b - 21622. Give w(5).
-1752
Let c(n) = -42108*n + 1179032. Give c(28).
8
Let d(w) = -66*w - 2146. Determine d(-24).
-562
Let s(q) = -q**2 - 784*q + 66292. Determine s(77).
-5
Let y(l) = 31573*l + 7924794. Calculate y(-251).
-29
Let q(u) = 2*u**3 - 49*u**2 - 32*u + 52. Give q(25).
-123
Let p(k) = 7*k**2 - 1273*k - 2823. Determine p(184).
-63
Let x(u) = -4*u**2 - u + 1177. Give x(14).
379
Let v(q) = q**3 - 40*q**2 + 400*q + 26. Calculate v(21).
47
Let a(z) = 28*z**2 + 60*z + 450. Give a(-7).
1402
Let i(o) = -4*o**2 - 3983*o + 515845. Determine i(116).
-7
Let a(t) = -4*t**2 - 38141*t - 76269. What is a(-2)?
-3
Let u(v) = 11302*v + 2192594. What is u(-194)?
6
Let m(u) = -u**3 + 24*u**2 + 57*u + 76. Give m(23).
1916
Let h(p) = 335*p**3 + 53*p**2 - 111*p + 11. What is h(2)?
2681
Let a(r) = 15*r**2 - 3976*r + 4185. What is a(264)?
-39
Let r(z) = -830*z + 37736. Determine r(46).
-444
Let n(r) = 5*r**3 - 156*r**2 + 23*r + 199. Determine n(31).
-49
Let q(t) = 8*t**2 - 304*t - 2118. Calculate q(-6).
-6
Let l(h) = 5*h**3 + 676*h**2 + 3350*h - 3861. Calculate l(-130).
39
Let n(w) = 41*w**2 + 381*w - 3989. What is n(10)?
3921
Let b(f) = -33158*f - 99649. Give b(-3).
-175
Let r(f) = -5*f**3 - 9*f**2 - 14*f + 228. Give r(-6).
1068
Let j(n) = -n**3 - 245*n**2 + 31874*n + 2725. What is j(-339)?
13
Let x(j) = -572*j + 24420. Calculate x(43).
-176
Let g(t) = 23114*t + 184887. What is g(-8)?
-25
Let x(b) = -1771*b + 1822380. Determine x(1029).
21
Let l(s) = 465*s**2 + 171*s + 318. What is l(-2)?
1836
Let o(q) = 11*q**3 + 571*q**2 - 157*q - 5453. Determine o(-52).
7
Let r(j) = -7*j**2 - 898*j - 5179. What is r(-6)?
-43
Let u(b) = -2*b**3 - 9172*b**2 + 258377*b + 195. Determine u(28).
-1
Let m(o) = o**2 - 6299*o + 1856604. Calculate m(310).
14
Let v(y) = 1258*y - 6304. Calculate v(5).
-14
Let b(m) = -m**2 - 293249*m - 586493. Determine b(-2).
1
Let r(u) = -7*u**3 + 44*u**2 + 40*u - 267. Give r(10).
-2467
Let q(m) = -16*m**3 - 478*m**2 - 504*m - 25. Calculate q(-1).
17
Let f(j) = j**2 - 48674*j - 97349. Calculate f(-2).
3
Let k(p) = -p**2 + 1566*p - 72622. Calculate k(48).
242
Let p(j) = -j**2 - 723*j - 47949. Give p(-74).
77
Let s(o) = 151*o + 12698. Determine s(-83).
165
Let d(w) = -4*w**3 + 10*w**2 - 946*w + 2842. Give d(3).
-14
Let t(d) = -18*d**2 - 228*d + 90882. Determine t(65).
12
Let s(n) = -2*n**3 + 194*n**2 + 160*n + 3692. Give s(98).
164
Let n(a) = 38098*a + 1523947. Give n(-40).
27
Let r(b) = 2*b**3 - 31*b**2 + 267*b - 4592. Give r(16).
-64
Let x(c) = 271*c + 42192. What is x(-157)?
-355
Let m(d) = 970998*d - 971002. What is m(1)?
-4
Let m(c) = -15*c**2 + 2022*c + 415. What is m(135)?
10
Let z(g) = 103*g**3 + 41*g**2 + 77*g - 2. Give z(-2).
-816
Let r(l) = 4*l**2 - 60*l + 447. What is r(13)?
343
Let q(v) = 79*v**2 - 6887*v - 13772. What is q(-2)?
318
Let o(h) = 2*h**2 + 71*h - 1274. Calculate o(-49).
49
Let r(i) = -i**2 + 3194*i - 1304946. Give r(481).
7
Let u(s) = 52172*s + 365205. Give u(-7).
1
Let m(c) = -15*c**2 + 26*c + 348. Calculate m(-4).
4
Let p(k) = -k**3 + 80*k**2 + 134*k + 2270. Calculate p(82).
-190
Let h(b) = b**3 + 81*b**2 - 323*b + 1323. Calculate h(-85).
-122
Let f(p) = 229*p + 1058. Give f(-5).
-87
Let d(a) = -13878*a + 208181. Calculate d(15).
11
Let y(o) = o**3 - 14*o**2 + 54*o - 367. Calculate y(12).
-7
Let c(m) = -1501*m + 8888. Calculate c(6).
-118
Let t(d) = -49*d**3 - 11*d**2 - 98*d - 299. Determine t(-3).
1219
Let y(j) = j**3 + 180*j**2 - 190*j + 31688. Determine y(-182).
20
Let r(l) = -1118*l - 12709. Determine r(-11).
-411
Let m(g) = -3*g**2 + 11771*g - 222631. Calculate m(19).
-65
Let h(t) = -2*t**3 + 1024*t**2 + 114*t - 58367. Determine h(512).
1
Let m(j) = -10*j**3 + 6305*j**2 + 3156*j - 409. Give m(631).
222
Let f(t) = 27*t**2 - 398*t - 2171. Give f(-5).
494
Let q(i) = -3*i**2 - 338*i - 5553. Calculate q(-20).
7
Let c(k) = 5*k**2 - 3709*k - 8186. What is c(744)?
-2
Let l(j) = 882*j + 5557. Give l(-5).
1147
Let x(i) = i**3 - 148*i**2 + 5489*i - 9483. What is x(84)?
9
Let d(v) = 1722*v - 10366. Calculate d(6).
-34
Let h(p) = -54*p**2 - 2989*p - 1060. Determine h(-55).
-15
Let b(y) = 16*y**2 + 3462*y + 885. Give b(-216).
-411
Let t(a) = a**2 + 172*a + 2424. Give t(-157).
69
Let w(v) = 1163*v + 248884. Calculate w(-214).
2
Let a(o) = o**2 - 82*o + 761. Determine a(72).
41
Let t(i) = 156*i - 1. Determine t(-6).
-937
Let m(s) = -20*s**3 + 2*s**2 + 49*s + 48. Calculate m(-1).
21
Let h(y) = -807*y**3 + 9*y**2 + 36*y - 44. What is h(1)?
-806
Let x(i) = -2*i**3 + 320*i**2 + 645*i + 709. Calculate x(162).
223
Let d(w) = 85*w**2 + 6*w - 76. Give d(3).
707
Let a(j) = -6*j**2 + 364*j - 1404. Determine a(4).
-44
Let c(h) = -52*h**3 + 301*h**2 + 20*h + 44. Give c(6).
-232
Let g(j) = -3*j**3 - 14*j**2 + 100*j + 62. Give g(-9).
215
Let m(b) = -15*b**2 + 4565*b - 1662. Determine m(304).
-142
Let k(j) = 281*j + 1434. What is k(-5)?
29
Let i(a) = -10*a**2 - 475*a - 4. What is i(-48)?
-244
Let u(j) = 3*j**2 + 2728*j + 2727. Give u(-1).
2
Let d(a) = -10*a**3 + 78*a**2 - 7*a + 27. What is d(6)?
633
Let i(n) = -n**2 - 190*n + 3071. What is i(15)?
-4
Let p(t) = -206*t - 9382. What is p(-46)?
94
Let w(h) = -69*h**3 - 21391*h**2 - 324*h - 4344. Determine w(-310).
-4
Let r(x) = x**3 - 102*x**2 - 12289*x - 450. Determine r(-71).
-24
Let i(k) = 1166*k + 77542. Determine i(-67).
-580
Let n(s) = s**3 + 93*s**2 - 344*s + 4238. Calculate n(-97).
-30
Let t(p) = 7*p**2 - 126*p + 721. Give t(6).
217
Let c(v) = 52*v**2 - 1086*v - 184. Give c(21).
-58
Let d(p) = 10*p**3 - 100*p**2 - 56*p + 654. Calculate d(10).
94
Let c(t) = 109*t**2 - 1411*t + 19. Determine c(13).
97
Let d(s) = 108*s**2 + 1306*s + 115. Give d(-12).
-5
Let r(q) = 2*q**3 + 199*q**2 - 209*q - 11033. Calculate r(-100).
-133
Let n(m) = -1098*m - 6569. Calculate n(-6).
19
Let m(s) = 4023*s + 209192. Give m(-52).
-4
Let l(s) = -39*s**2 - 823*s - 77. Calculate l(-21).
7
Let q(u) = 9*u**2 - 1693*u + 74474. Calculate q(118).
16
Let c(n) = -n**3 - 4*n**2 + 887*n - 9068. Give c(16).
4
Let q(k) = -12*k**2 + 1215*k + 3812. Calculate q(-3).
59
Let j(f) = -2*f**3 + 21*f**2 - 4*f + 44. Give j(5).
299
Let n(j) = j**3 - 63*j**2 - 4950*j + 25895. Determine n(107).
1
Let t(q) = 68*q**2 - 80*q + 10. Calculate t(1).
-2
Let d(s) = -3750*s - 69887. Determine d(-18).
-2387
Let t(g) = -1735*g**3 - g**2 - 440*g + 441. What is t(1)?
-1735
Let w(k) = 2905*k - 81157. Calculate w(28).
183
Let r(q) = q**3 - 108*q**2 - 939*q + 1358. Determine r(116).
82
Let n(z) = 4*z**2 - 1218*z + 20. Give n(0).
20
Let n(t) = 96*t**3 - 572*t**2 - 14*t - 69. Calculate n(6).
-9
Let m(i) = -i**3 - 197*i**2 - 977*i - 2086. What is m(-192)?
1178
Let f(c) = 8*c**2 + 3152*c + 4. Give f(0).
4
Let x(r) = -1035*r - 940. Calculate x(-1).
95
Let w(n) = -117*n + 308. Determine w(8).
-628
Let p(w) = 156*w + 3751. Calculate p(-24).
7
Let i(q) = 5297*q + 2521399. Calculate i(-476).
27
Let z(i) = 1137*i + 63665. Determine z(-56).
-7
Let h(d) = 108952*d - 108940. What is h(1)?
12
Let o(y) = 21*y**3 - 7*y**2 - 212*y - 579. Determine o(-3).
-573
Let s(x) = 5*x**2 - 456*x + 10666. Give s(53).
543
Let c(y) = 4*y**3 - 36*y**2 - 21974*y + 197768. What is c(9)?
2
Let f(c) = 5*c**3 - 18*c**2 - 189*c + 609. What is f(3)?
15
Let g(p) = -p**2 + 1928*p - 698895. Determine g(484).
1
Let u(l) = 26*l**2 + 904*l - 49. Give u(-35).
161
Let q(k) = -29866*k + 89613